digit of ((-5)/m)/((-5)/(-20))?
0
Let s be (14 - 0) + 8/(-4). Let c = s - 7. Suppose -4*n + 22 = -2*u, c*u - u = -2*n - 4. What is the units digit of n?
4
Let a be ((-9)/6)/(2/(-60)). Let d be (-1)/(-2) + a/2. Let n = d - 13. What is the tens digit of n?
1
Let y(r) = r**2 + 5*r + 8. Let x be y(-7). Let m(f) = f**2 - 10*f + 5. Let q be m(8). Let g = q + x. What is the units digit of g?
1
Let n(a) = a**3 - 5*a**2 + 5*a + 5. Let w = 5 + 0. What is the tens digit of n(w)?
3
Suppose 1 = -5*s - 29. Let m(a) = a**3 + 7*a**2 + 8*a + 8. Let i be m(s). Let v = 8 + i. What is the units digit of v?
4
Let z(j) = -j**3 + 10*j**2 - 9*j - 11. What is the units digit of z(7)?
3
Suppose -r + 0*r = -85. What is the tens digit of r?
8
Let f = 7 + 10. What is the tens digit of f?
1
Let x = 8 + -12. Let i = 6 + x. What is the units digit of i + -1 - 1 - -1?
1
Let d(b) be the first derivative of b**4/4 + 3*b**3 - 7*b**2 - b - 7. What is the tens digit of d(-10)?
3
Let x(g) = -110*g**3 + g**2 - g - 1. What is the units digit of x(-1)?
1
Let f(z) be the second derivative of z**5/60 - z**4/24 + z**3/3 + z. Let m(i) be the second derivative of f(i). What is the units digit of m(1)?
1
Suppose -1 = 5*m - 6, 3*p + 4*m - 517 = 0. What is the units digit of p?
1
Let h = -3 - -28. What is the units digit of h?
5
Suppose -c + 480 = 9*c. What is the units digit of c?
8
Let i = 57 - 43. What is the units digit of i?
4
Let b(j) = -j**3 - 18*j**2 + 27*j - 7. What is the units digit of b(-20)?
3
Let r(h) = -h + 3. Let x be r(3). Let g be 6/(-4)*30/(-9). Suppose 10 = -x*t + g*t. What is the units digit of t?
2
Suppose 5*d = -j + 57, -4*d + 98 + 146 = 4*j. What is the tens digit of j?
6
Let i be 10/6*(-6)/(-1). Let n = 17 - i. What is the units digit of n?
7
Let s(h) = h**3 + h**2 - 2*h + 1. Let f be s(1). Let a = f - -4. Suppose -5*c = -5*l - 40, c - a*l = -1 + 17. What is the units digit of c?
6
What is the tens digit of 3 - (-159 + (-6 - -3))?
6
Let b = -16 + 35. What is the tens digit of b?
1
Let b = 3 - 6. Let p be ((-4)/b)/(4/6). What is the units digit of 1/(-3 + 7/p)?
2
Suppose 0 = -2*y + 2 + 2. Let r = 12 + -7. Suppose y*d + 1 = r. What is the units digit of d?
2
Let z be 1 - (0 - -18) - -3. Let l = z - -53. What is the tens digit of l?
3
Suppose 0 = 3*c - 2*c. Suppose 2*u - 3*u - f + 17 = c, 2*f - 52 = -3*u. Suppose -2*b = b - u. What is the units digit of b?
6
Let h(r) = 3*r - 48. What is the units digit of h(21)?
5
Let s(y) = -y - 7. Let t be s(-9). Suppose -t*d + 2*u = 6, -5*d - 5*u + 27 = -4*d. Suppose 5*x = 3*c - 0*x - 25, -c - d*x = -12. What is the tens digit of c?
1
Let y(j) = -j**3 - 5*j**2 + 3*j - 5. Let i be y(-6). Let h = i - 7. What is the units digit of h?
6
Let o(s) be the third derivative of -s**6/120 - s**5/30 + s**4/4 + 2*s**3/3 - s**2. Suppose 0 = -5*c + j - 24, 32 = -4*c + 4*j. What is the units digit of o(c)?
2
Suppose 0 = -b + 4*b - 12. Suppose -3*d + 53 = -4*t, -b*d - 2*t = -d - 23. What is the tens digit of d?
1
Let i(q) = q**2 + 20. Let w be (-1)/(-3) + (-5)/15. Let p be i(w). Suppose -p = -3*m - 2. What is the units digit of m?
6
Let c(g) = -4*g**2 - 2. Let b be c(3). Let n = b + 54. What is the tens digit of n?
1
What is the units digit of (-4)/(-1)*2674/56?
1
Let u be (9/2)/(2/4). Suppose 0 = 3*k - 3*v - 9, u = 2*k - 5*v - 0*v. What is the units digit of k?
2
Let q = 9 - 6. Suppose -d + 125 = 4*r + 14, 66 = q*r - 5*d. Suppose 3*o - 3*z + 9 = r, -5*o - z + 24 = 0. What is the units digit of o?
5
Suppose 0*m = 4*m + 2*t - 1426, 4 = -4*t. What is the hundreds digit of m?
3
Suppose -6*w - w = -7. What is the units digit of w?
1
Suppose -2*m = -43 + 37. What is the units digit of m?
3
Suppose -5*y = -8*y + 108. What is the tens digit of y?
3
Let b(n) = -9*n + 1. Let z be b(1). Let f = -7 + 5. Let s = f - z. What is the units digit of s?
6
Let r(c) = 1 + c**2 - c**2 + c**2 + c. What is the units digit of r(3)?
3
Suppose 97 = -4*s + 517. Suppose -4*v = -v - s. What is the tens digit of v?
3
Suppose 98 = -8*x + 9*x. What is the units digit of x?
8
Let g(u) = u**2 - 2*u. Let i be g(3). Suppose -3*t - w + 6*w = 9, 3*w - 15 = -i*t. Suppose t*q - 24 = -2*q. What is the units digit of q?
6
Suppose -5 = z - 0*z, 0 = 4*b + 2*z - 470. What is the tens digit of b?
2
Suppose 0*n + 6 = 2*j + n, -2 = -2*j + n. Suppose 16 + j = v. What is the units digit of v?
8
Suppose -5 = -k - 19. Let p = 24 + k. What is the units digit of p?
0
Let i(h) = 3*h**2 - 10*h + 6. Let a(p) = -4*p**2 + 11*p - 7. Let u(m) = -2*a(m) - 3*i(m). What is the tens digit of u(5)?
1
Let f(u) = -u**2 - 9*u - 7. Suppose 40 = -4*o + 9*o. Suppose 6 = -2*y - o. What is the units digit of f(y)?
7
Suppose 5*v = 2*f + 228 - 40, -2*f + 100 = 3*v. What is the units digit of v?
6
Let n(d) = 8*d**2 + 2*d. Let r be n(2). What is the tens digit of (-748)/(-36) - (-8)/r?
2
Suppose -3*o + 6 = 0, 4*x = x + o + 4. Suppose 0*c - 3 = c. What is the units digit of x/(-4)*0 - c?
3
What is the units digit of 18/(-153) - 291/(-17)?
7
Let t = 13 + 17. What is the units digit of t?
0
Let k = 10 - 10. Suppose q + q + i - 45 = k, -q - 2*i = -30. What is the units digit of q?
0
Let l(i) = -2 - 1 + 2*i + 2. What is the units digit of l(5)?
9
Let j = -3 - -2. Let z be (4/(-2))/(0 + j). What is the units digit of -1 + z - (-7 + 1)?
7
Let q = 125 - 48. What is the units digit of q?
7
Let j = 10 - 2. Let u be (-524)/(-16) - (-2)/j. Suppose -3 = -4*s + u. What is the units digit of s?
9
Let u(w) = w**2 - w. Let o(a) = 4*a**2 + 6*a + 6. Let v(m) = -o(m) + 3*u(m). What is the tens digit of v(-4)?
1
Let l(y) = -y**3 + 7*y**2 + 7*y + 9. Let d be (-23)/(-3) + 1/3. Let c be l(d). Suppose -c = -3*p + 8. What is the units digit of p?
3
Suppose 2*m = -5*a + 38, a = -a - m + 16. What is the units digit of a?
6
Let r = 32 - 19. What is the units digit of r?
3
Suppose 0 = r + 3*r. Let w = r + 3. Let m = w + 8. What is the units digit of m?
1
Let f(b) = 3*b + 7. Let o(r) = -2*r - 6. Let k(n) = 3*f(n) + 4*o(n). Suppose 3*y = 7 + 11. What is the units digit of k(y)?
3
Suppose 5*v = 5*s - 15, 0 = 2*s - 7*s + 3*v + 13. Suppose -s*t = 2*i - 98, -4*t + 107 = 3*i - 94. What is the tens digit of t?
5
Let i(j) = -j**2 - j - 10. Let u be i(0). Let p be 2/(-4) - 395/u. Suppose p = 2*g + 5. What is the tens digit of g?
1
Let l(c) = -c**2 + 14*c + 6. What is the tens digit of l(10)?
4
Let q = -83 - -100. What is the tens digit of q?
1
Let p be ((-4)/5)/(4/(-10)). Suppose 5 = p*l + 1. Suppose 0 = 3*f - 2 - 1, 4*h - 34 = -l*f. What is the units digit of h?
8
Let s(j) = -2*j**2 - 5*j + 1. Let v be s(-4). What is the tens digit of ((-143)/v)/((-2)/(-4))?
2
Suppose 52 + 84 = 4*w. What is the units digit of w?
4
Let x(c) = -37*c. Let j(s) = -12*s. Let k(m) = -21*j(m) + 6*x(m). Let z be k(1). Suppose 0 = -7*a + 4*a + z. What is the units digit of a?
0
Let s = 6 + -1. Suppose 0*l - s*l + 25 = 4*r, -2*l + 10 = 2*r. What is the units digit of l?
5
Let n(v) = -60*v - 16. What is the tens digit of n(-3)?
6
Let b be (-2)/(-5) + (-435)/25. Let k = 18 + b. What is the units digit of k?
1
What is the units digit of 76/(5 + 18/(-4))?
2
Let b(l) be the first derivative of -l**2/2 - l + 1. Let n be b(-5). Suppose n*h - 4*m - 12 = 0, h + 1 = 4*h + 5*m. What is the units digit of h?
2
Let q = -4 + 44. Suppose 2*i - 10 = f, 3*f + 5*i = 8*f + q. What is the units digit of (-8)/48 + (-31)/f?
5
Let l(i) = 2*i**2 + 8*i - 5. What is the units digit of l(-6)?
9
Let q(i) = 7*i**2 - i - 1. What is the tens digit of q(2)?
2
Let m(b) = -b**2 - 4*b. Let u be m(-2). Suppose u*k + 3*v - 17 = 0, 4*k + k - 28 = 3*v. What is the units digit of k?
5
Suppose -4*j = -3*j - 33. What is the units digit of j?
3
Let n = 769 + -419. What is the hundreds digit of n?
3
Let t be 94*(-3)/(2 - 8). Let x = t + -30. What is the units digit of x?
7
Let v(n) = -n**3 + 11*n**2 + 6*n + 18. What is the hundreds digit of v(10)?
1
Suppose -3*h + 5 = 14. Let m(t) = t**2 - t - 3. What is the units digit of m(h)?
9
Suppose 0*v + 18 = -3*v. Let u = 10 + v. Let g(d) = 4*d + 4. What is the units digit of g(u)?
0
What is the tens digit of 2 + -2 - -35 - -3?
3
Let s(p) = -54*p + 4. What is the tens digit of s(-1)?
5
Suppose 258 = j + 2*j. What is the tens digit of j?
8
Let b(d) = 4*d - 16. Let y(x) = x. Let j(a) = -b(a